(base 11) to base 5.
43344
Convert -210201 (base 4) to base 13.
-10aa
800 (base 14) to base 4
120200
Convert 10001110100011 (base 2) to base 9.
13456
-3600 (base 12) to base 9
-8260
Convert -3a5 (base 11) to base 13.
-2aa
What is -224 (base 10) in base 2?
-11100000
What is 7b68 (base 13) in base 3?
212202122
What is 122133 (base 4) in base 12?
b93
What is 113233 (base 4) in base 11?
1161
What is 3012 (base 5) in base 10?
382
What is -230025 (base 6) in base 11?
-13689
What is aa5 (base 14) in base 8?
4071
Convert -11914 (base 10) to base 2.
-10111010001010
What is 34211 (base 6) in base 3?
20121221
1011000000000011 (base 2) to base 8
130003
Convert -1011001000011100 (base 2) to base 15.
-d79b
What is 12756 (base 10) in base 8?
30724
Convert 21201 (base 6) to base 3.
10221201
What is -30443 (base 5) in base 8?
-3716
-3808 (base 9) to base 7
-11201
2425 (base 7) to base 13
544
What is -54151 (base 7) in base 6?
-142154
-101142 (base 5) to base 3
-11112010
Convert -316 (base 8) to base 16.
-ce
What is 1100110111 (base 2) in base 14?
42b
1211120 (base 3) to base 15
5e3
What is 51 (base 11) in base 2?
111000
-b0 (base 12) to base 16
-84
Convert -8902 (base 11) to base 6.
-130203
What is -114113 (base 5) in base 15?
-1408
-851 (base 12) to base 11
-a03
818 (base 12) to base 4
102110
Convert -2d6f (base 16) to base 11.
-8814
What is 8374 (base 12) in base 13?
66b5
What is -1011101100010110 (base 2) in base 9?
-72625
Convert 174 (base 13) to base 6.
1120
Convert 42234 (base 7) to base 3.
112021200
bd9 (base 14) to base 12
1437
215 (base 8) to base 12
b9
-2733 (base 14) to base 2
-1101011111001
What is 1110011101010 (base 2) in base 16?
1cea
-b38b (base 13) to base 6
-310433
Convert -202110112 (base 3) to base 16.
-3a46
Convert -39f (base 16) to base 7.
-2463
What is -210 (base 11) in base 5?
-2003
Convert -3541 (base 9) to base 6.
-20101
Convert -26024 (base 8) to base 12.
-6644
Convert 5420 (base 7) to base 14.
9b7
Convert -196 (base 14) to base 2.
-101001000
-1895 (base 10) to base 12
-111b
What is -2c2 (base 14) in base 9?
-684
What is -7359 (base 14) in base 3?
-1000021010
Convert 149a (base 11) to base 4.
132010
What is -101210 (base 3) in base 16?
-123
Convert 23102 (base 9) to base 7.
62606
Convert 10101010011 (base 2) to base 16.
553
What is -48 (base 15) in base 11?
-62
What is 20013 (base 5) in base 14?
65c
Convert -27c (base 14) to base 5.
-4002
What is -ca51 (base 15) in base 13?
-16654
Convert -11365 (base 9) to base 5.
-220332
Convert 6cdb (base 14) to base 16.
4a41
1012 (base 11) to base 14
6c0
Convert 956 (base 10) to base 12.
678
2313 (base 10) to base 13
108c
Convert 1ad (base 16) to base 2.
110101101
What is -5420 (base 10) in base 4?
-1110230
Convert -34355 (base 6) to base 3.
-20201022
What is -104401 (base 5) in base 2?
-111010001110
-100111010011 (base 2) to base 9
-3404
Convert 10010101 (base 2) to base 7.
302
-38106 (base 11) to base 7
-315320
1e6 (base 15) to base 2
110111001
Convert -111011010 (base 2) to base 13.
-2a6
2512 (base 10) to base 15
b27
c9c (base 15) to base 4
230133
Convert e67 (base 16) to base 6.
25023
What is -64338 (base 9) in base 6?
-525012
Convert -110 (base 5) to base 6.
-50
Convert 21411 (base 9) to base 11.
a726
-1004134 (base 6) to base 7
-255466
Convert -313212 (base 4) to base 10.
-3558
-15340 (base 6) to base 13
-11ac
-3121 (base 5) to base 6
-1523
32505 (base 6) to base 14
18db
Convert 23a9 (base 16) to base 6.
110133
-368 (base 15) to base 4
-30011
What is -2100021 (base 3) in base 4?
-122230
Convert -5058 (base 9) to base 3.
-12001222
Convert -20200121 (base 3) to base 15.
-16a1
What is -2001001 (base 3) in base 16?
-5ce
What is -205 (base 13) in base 2?
-101010111
Convert 942 (base 10) to base 3.
1021220
Convert 1165 (base 7) to base 9.
537
386 (base 11) to base 3
121221
What is 285 (base 15) in base 13?
353
23 (base 15) to base 8
41
What is -2212021122 (base 3) in base 11?
-39368
What is 4608 (base 11) in base 3?
22022101
What is -6582 (base 13) in base 9?
-21343
Convert 221100 (base 4) to base 14.
d68
Convert -220 (base 6) to base 7.
-150
44301 (base 6) to base 16
180d
What is -3411413 (base 5) in base 12?
-2aa35
What is 2200 (base 4) in base 12?
114
What is 110120 (base 3) in base 5?
2324
What is -8c34 (base 13) in base 4?
-10302333
-1460 (base 7) to base 14
-2d7
What is -13761 (base 8) in base 4?
-1133301
3102023 (base 4) to base 7
54134
What is 5716 (base 8) in base 4?
233032
Convert 8a7 (base 16) to base 8.
4247
Convert 124a9 (base 12) to base 9.
37133
Convert 10001100001 (base 2) to base 13.
683
-2a891 (base 12) to base 13
-21415
-2206 (base 13) to base 7
-16546
Convert 1797a (base 12) to base 14.
c686
Convert -1a925 (base 12) to base 10.
-39341
-11300 (base 5) to base 9
-1116
Convert 1010100101001 (base 2) to base 6.
41025
Convert -3550 (base 10) to base 15.
-10ba
-27b89 (base 12) to base 3
-2210210120
-6511 (base 7) to base 8
-4407
-1524 (base 12) to base 2
-100110101100
What is -2f (base 16) in base 10?
-47
What is -220110 (base 3) in base 4?
-22110
-14b8 (base 16) to base 14
-1d0c
-331231 (base 4) to base 7
-14341
-15005 (base 6) to base 8
-4515
What is 5750 (base 8) in base 11?
2321
Convert -52 (base 8) to base 7.
-60
What is 11011100010010 (base 2) in base 16?
3712
-34e5 (base 16) to base 3
-200120112
What is -29a1 (base 12) in base 8?
-11411
Convert -2431 (base 5) to base 10.
-366
-134317 (base 8) to base 13
-186c4
What is -20281 (base 13) in base 6?
-1122301
-10221 (base 3) to base 2
-1101010
Convert -622 (base 11) to base 15.
-350
-59 (base 10) to base 14
-43
-11e66 (base 15) to base 9
-86466
What is 45a (base 15) in base 13?
5aa
What is 21883 (base 11) in base 9?
47401
What is -100100001100010 (base 2) in base 8?
-44142
What is 230131 (base 4) in base 12?
1791
Convert 2903 (base 10) to base 8.
5527
10020222 (base 3) to base 11
186a
What is 100110111110 (base 2) in base 6?
15314
Convert -1e17 (base 16) to base 8.
-17027
Convert 3c7 (base 15) to base 5.
11422
What is -10356 (base 7) in base 11?
-1a44
-27810 (base 11) to base 16
-9a9a
Convert -7206 (base 8) to base 14.
-14d8
What is 232 (base 8) in base 7?
310
-145 (base 16) to base 5
-2300
Convert -8654 (base 14) to base 12.
-11516
-11444 (base 5) to base 10
-874
1606 (base 9) to base 16
4c5
What is 72 (base 10) in base 11?
66
-456d (base 14) to base 8
-27425
53a (base 14) to base 7
3003
Convert 870 (base 11) to base 15.
49a
Convert -150 (base 12) to base 4.
-3030
-72b (base 15) to base 2
-11001010000
What is 23310 (base 4) in base 10?
756
What is -50211 (base 9) in base 13?
-12019
Convert 11453 (base 10) to base 14.
4261
What is 11b0 (base 15) in base 14?
152d
What is -12031 (base 4) in base 14?
-205
What is -162401 (base 7) in base 14?
-b9a8
What is 1598 (base 10) in base 9?
2165
-411b (base 13) to base 3
-110022122
-33133 (base 4) to base 2
-1111011111
What is 1644 (base 8) in base 13?
569
What is 1a7a (base 16) in base 12?
3b0a
7242 (base 11) to base 5
301410
12433 (base 6) to base 4
131211
What is -565a (base 15) in base 3?
-221010011
Convert -1a87 (base 13) to base 11.
-3005
9a79 (base 14) to base 2
110100010001011
Convert -5566 (base 10) to base 13.
-26c2
What is -be (base 15) in base 7?
-344
Convert -100011101010 (base 2) to base 10.
-2282
Convert 17d (base 15) to base 13.
205
201 (base 13) to base 9
416
What is 2274 (base 12) in base 16?
ef8
-2031 (base 5) to base 11
-222
90226 (base 10) to base 9
146681
What is 122664 (base 7) in base 12?
11123
-18218 (base 9) to base 13
-5951
Convert -111001 (base 3) to base 5.
-2402
What is -32322 (base 4) in base 10?
-954
Convert -10b13 (base 14) to base 3.
-2001200022
What is -41210 (base 5) in base 4?
-221320
What is 2320110 (base 4) in base 15?
3766
What is 8bc (base 13) in base 5?
22012
-3633 (base 11) to base 4
-1022103
b37 (base 14) to base 16
89d
-1331 (base 10) to base 7
-3611
Convert -3401 (base 5) to base 4.
-13130
What is -1300 (base 5) in base 14?
-104
Convert -11863 (base 11) to base 3.
-212022222
Convert -383 (base 12) to base 4.
-20103
What is -4c5 (base 15) in base 13?
-656
Convert 1315 (base 8) to base 13.
432
What is 1860 (base 16) in base 14?
23ba
Convert -2242 (base 6) to base 5.
-4110
What is 2011200 (base 3) in base 7?
4422
Convert 10222 (base 3) to base 15